 Calculate the greatest common divisor of u and 18.
6
Suppose -v + 3*v - 40 = 5*g, -g + 16 = 2*v. Suppose -v - 5 = -3*l. Calculate the highest common divisor of l and 35.
5
Let i = 20 - 6. Suppose -2*v - 224 = -4*v. What is the highest common divisor of i and v?
14
Let q be 1/(-2) + 290/4. Calculate the greatest common divisor of 12 and q.
12
Let p(i) = -i - 6. Let j be p(-6). Let t be (j - 1)*(-22 + -2). Suppose -3*k + 9 = -5*f, 3*k - 9 = 2*f - 4*f. Calculate the highest common divisor of k and t.
3
Suppose g - 14 = -3*k, 2*k = -0*g + 2*g - 4. What is the greatest common factor of g and 5?
5
Let d be 3/(-4) - (-189)/12. Let i be -4 - -2 - (1 - 9). Let l be (-2)/i + 2480/15. Calculate the greatest common factor of d and l.
15
Let v = -2 + 5. Suppose 6 = v*m + h, 3*m = 5*h + 28 - 4. Calculate the highest common factor of 21 and m.
3
Let d(x) = x**2 - x + 30. Let p be d(0). Let k be (-2*1)/((-5)/p). What is the highest common divisor of k and 84?
12
Suppose -4*k - 6 = -2. Let t be 1 - (15*k + 2). What is the highest common factor of t and 112?
14
Let d = 9 - -12. Calculate the greatest common divisor of 7 and d.
7
Let j(h) = -h**3 + 8*h**2 - 10*h + 26. Let l be j(7). What is the greatest common divisor of l and 35?
5
Suppose -13*r = -11*r - 110. What is the highest common factor of 22 and r?
11
Let v = -47 + 74. Calculate the greatest common divisor of 36 and v.
9
Suppose 4 = -b + 2*b - 2*m, 3*m = -5*b + 20. What is the greatest common divisor of b and 4?
4
Let j(s) = -2*s - 3. Let i be j(-3). Let c be (-1)/i - (-16)/3. Calculate the greatest common divisor of c and 55.
5
Let h(q) = q - 1. Let i be h(4). Suppose 5*a = 3*k + 60, -1 + 3 = i*a + 5*k. Calculate the highest common factor of 1 and a.
1
Suppose 0 = -4*k + k + 9. Let f(x) = 3*x**3 - 3*x**3 + 2 - 4*x + x**k - 3*x**2. Let o be f(4). What is the highest common factor of o and 1?
1
Let q(o) = o - 8. Let m be q(12). Let z be ((-1)/m)/((-11)/308). What is the highest common divisor of 77 and z?
7
Let b(n) = 5*n + 12 - 3 - 12. Let s be b(3). What is the greatest common divisor of s and 8?
4
Suppose -38 = -2*v + 2*p, -5*v = -v + 3*p - 48. Let x(d) = -23*d - 9. Let o be x(-3). What is the highest common divisor of o and v?
15
Let y = 41 - 26. Let h = -21 - -31. What is the highest common factor of y and h?
5
Let b be (-1)/(-3 + 2) - -12. Calculate the greatest common factor of 78 and b.
13
Let f(w) = -3 + 4 - 2*w + 1 - w. Let k be f(-3). What is the highest common divisor of k and 66?
11
Let c be ((-90)/3)/(2/(-8)). Let z = -13 - 3. Let g = z - -31. Calculate the highest common factor of c and g.
15
Let q = 89 + -57. Suppose -3*j - 2*j = -240. Calculate the highest common factor of q and j.
16
Let z(x) = -x**2 - 11*x. Let p be z(-10). Calculate the highest common factor of 4 and p.
2
Suppose l + p + 25 = 2*l, 125 = 5*l + p. What is the greatest common factor of l and 100?
25
Let v(m) = -3*m**3 - 3*m**2 + 4*m. Let f be v(-4). Let t(x) = -x**3 + 6*x**2 - 4*x. Let i be t(4). Calculate the greatest common factor of f and i.
16
Let a be (5 + -9)*3/(-2). Let y be 208/12 - (-4)/a. Calculate the highest common factor of y and 6.
6
Let h(f) = -f**2 - 5*f - 6. Let b be h(-5). Let n be b/10 - 2/5. Let d be 25 + 0/(-1) + n. Calculate the highest common factor of 12 and d.
12
Suppose 5*w - 296 = -2*s, 2*w + s = -2*s + 114. Calculate the greatest common divisor of w and 15.
15
Let m be (12 + -4)*(-21)/(-4). What is the highest common divisor of m and 6?
6
Suppose -1472 = -10*m + 2*m. Let v be 1*3*(-2 + -3). Let i = v + 38. What is the greatest common factor of i and m?
23
Let x(p) = 8*p - 2. Let i be x(3). Calculate the highest common factor of i and 44.
22
Suppose 20 = -5*n + 5. Let w be n + 13 - (4 + -1). Let j(h) = h**2 - 6*h + 1. Let x be j(w). What is the greatest common divisor of x and 40?
8
Let c = 0 + 0. Let q = -54 - -78. Suppose 4*g - q - 24 = c. What is the greatest common divisor of 48 and g?
12
Let m = -17 - -30. Calculate the greatest common factor of 13 and m.
13
Suppose 54 = -o + 3*o + 2*l, -l + 139 = 5*o. What is the greatest common divisor of 7 and o?
7
Suppose -3*t - 43 = -4*q, 0*t - 37 = -4*q + 5*t. Calculate the greatest common factor of 117 and q.
13
Let o(s) = -s**3 + 9*s**2 + 7*s - 3. Let r be o(9). Calculate the highest common divisor of r and 12.
12
Let f be ((-1)/((-7)/60))/((-10)/(-70)). Calculate the greatest common divisor of f and 4.
4
Let q(o) = -o**3 + 6*o**2 - 5*o + 2. Let g be q(3). Let k(f) = f**3 + 10*f**2 + 9*f + 21. Let y be k(-9). What is the highest common factor of y and g?
7
Let o = 11 - 8. Suppose -4*n + o*n = -19. What is the greatest common divisor of 95 and n?
19
Suppose 0 = 6*h + 5*h - 1694. Calculate the highest common factor of 14 and h.
14
Let h be 1/((3/75)/1). What is the greatest common factor of h and 200?
25
Let d be (-5 - -6)*12/(-1). Let i be (99/6)/((-1)/d). What is the highest common factor of 18 and i?
18
Let j be (-482)/(-15) + 20/(-150). Calculate the greatest common divisor of j and 16.
16
Suppose 4 = 2*t - 20. Let m = 1 - -5. What is the greatest common divisor of m and t?
6
Let d = -33 + 73. Let y = d + -82. Let r = y + 70. What is the greatest common factor of r and 7?
7
Let o be ((-1)/(-2))/((-4)/(-24)). Let h be ((-306)/6)/(o*-1). Let y be 0 - (2 + 46*-3). Calculate the highest common factor of h and y.
17
Let w(v) = -5*v**3 + 2*v**2 - 4*v. Let c(p) = -p**3 - 10*p**2 - p - 13. Let h be c(-10). Let n be w(h). What is the highest common divisor of n and 66?
33
Let w be -3 - (-7)/(2 - 1). Suppose 4*t + 50 + 5 = 3*h, 0 = -w*t - 4. What is the highest common factor of h and 85?
17
Let j = 4 - 2. Suppose -3*g + j*g + 24 = 0. What is the greatest common factor of g and 12?
12
Let u be (-6)/4*(-568)/(-12). Let x = -49 - u. What is the greatest common factor of 66 and x?
22
Suppose 0*t = 2*t - 52. Calculate the greatest common factor of 39 and t.
13
Let k = 16 - 14. Suppose 5 = k*t - 25. What is the highest common factor of 45 and t?
15
Suppose 2*v - 92 = -2*l, -4*v - 89 = -6*v - 5*l. Let y = v + 74. What is the greatest common divisor of 11 and y?
11
Suppose 0*i - 425 = -5*i. What is the greatest common divisor of 34 and i?
17
Let z be ((-80)/(-24))/(4/6). What is the highest common factor of z and 45?
5
Let d(r) = 5*r**2 + 10*r + 15. Let j be d(5). What is the highest common divisor of 76 and j?
38
Let f(c) = c**2 + 4*c - 8. Let k be f(-6). Suppose -k*d = -5 - 31. Calculate the greatest common factor of 36 and d.
9
Suppose 18 = 3*x - 15. What is the highest common factor of x and 44?
11
Let m be (-2)/(2/(-9)) + -1. Let h = -90 - -106. What is the greatest common factor of h and m?
8
Let p(n) = n**2 - 3*n - 1. Let o be p(5). Suppose -3*y + o = -18. Calculate the highest common factor of 81 and y.
9
Let f = 144 - 111. What is the greatest common divisor of f and 165?
33
Let x = 6 + -15. Let q = 19 + x. Calculate the greatest common divisor of q and 25.
5
Suppose -567 = -21*g - 0*g. Calculate the highest common factor of 189 and g.
27
Suppose 2*d + 4*m - 122 = -3*d, 3*d - 5*m - 51 = 0. What is the greatest common divisor of 55 and d?
11
Suppose -12 + 363 = 3*w. Let v be 10/3 - (-4)/6. Suppose n - v*n = -w. What is the highest common factor of n and 26?
13
Let i be 4 + (-2)/(6/(-15)). Suppose 5*u + 4 = i. Let v(b) = b**3 + 4*b**2 - 2*b - 3. Let t be v(-2). Calculate the greatest common factor of u and t.
1
Let z(b) = b**2 + b + 3. Let p be z(-6). Let k be (1*(2 + -4))/((-2)/11). What is the highest common factor of p and k?
11
Suppose -4*h + r + 130 = 0, 162 = 5*h - r - 0*r. Suppose 2*u = 8 + h. Suppose m - 4*d = u, 42 - 13 = m - d. Calculate the greatest common factor of m and 8.
8
Suppose 4*b - 753 = -b - 4*r, 3*b - 474 = 5*r. Calculate the greatest common factor of 17 and b.
17
Let g be 2/14 + 3820/14. Suppose 65 - g = -4*w. Calculate the highest common divisor of w and 78.
26
Suppose -5 = -2*z + d, -4*z + 2*z - 10 = -4*d. Suppose -5*q = -z - 5. Let b be ((-9)/(-3) + 27)/q. What is the greatest common divisor of 75 and b?
15
Let s(u) be the first derivative of 2*u**3/3 + u**2 - u + 3. Let k be s(1). Let d be k/1*(-1)/(-3). What is the greatest common divisor of d and 1?
1
Let g be 1*7/((-7)/(-8)). Calculate the greatest common divisor of 16 an